{"id":22,"date":"2018-07-18T13:13:03","date_gmt":"2018-07-18T13:13:03","guid":{"rendered":"http:\/\/topolcza.pl\/?page_id=22"},"modified":"2021-12-26T14:14:39","modified_gmt":"2021-12-26T14:14:39","slug":"informacje","status":"publish","type":"page","link":"http:\/\/topolcza.pl\/","title":{"rendered":"Informacje"},"content":{"rendered":"\n<div class=\"wp-block-group\"><div class=\"wp-block-group__inner-container\">\n<div class=\"wp-block-group\"><div class=\"wp-block-group__inner-container\">\n<div class=\"wp-block-columns\">\n<div class=\"wp-block-column\" style=\"flex-basis:100%\">\n<p class=\"_2cuy _3dgx _2vxa has-medium-font-size\">Witamy bardzo serdecznie.<\/p>\n\n\n\n<p class=\"_2cuy _3dgx _2vxa has-medium-font-size\">Top\u00f3lcza to pi\u0119kne i spokojne miejsce na Roztoczu. Malownicza wie\u015b znajduje si\u0119 5 km od Zwierzy\u0144ca i tyle samo od Szczebrzeszyna. W ciszy i zieleni mo\u017cna sp\u0119dza\u0107 mi\u0142o czas z rodzin\u0105 lub znajomymi. Zapraszamy na magiczne Roztocze &#8211; w\u0105wozy w&nbsp; tutejszych lasach s\u0105 wyj\u0105tkowe. Dzia\u0142ka jest du\u017ca i ogrodzona. Nasza propozycja dla Pa\u0144stwa to:<\/p>\n\n\n\n<p class=\"_2cuy _3dgx _2vxa has-medium-font-size\"><strong>DOMEK  &#8222;PODKOWA&#8221;, w kt\u00f3rym znajduje si\u0119:<\/strong><\/p>\n\n\n\n<ul class=\"is-style-checked has-medium-font-size\"><li>1 pok\u00f3j 4-osobowy z kominkiem i telewizorem<\/li><li>1 pok\u00f3j 2-osobowy<\/li><li>w pe\u0142ni wyposa\u017cona kuchnia<\/li><li>\u0142azienka<\/li><li>taras<\/li><\/ul>\n\n\n\n<p class=\"has-medium-font-size\"><strong>\u00a0DOMEK &#8222;JAGA&#8221;<\/strong><\/p>\n\n\n\n<ul class=\"is-style-checked has-medium-font-size\"><li>1 pok\u00f3j 4-osobowy z tzw koz\u0105 do ogrzewania i telewizorem<\/li><li>w pe\u0142ni wyposa\u017cona kuchnia<\/li><li>\u0142azienka<\/li><li>taras<\/li><\/ul>\n\n\n\n<p class=\"has-medium-font-size\">W ka\u017cdym znajduje si\u0119 deska do prasowania i \u017celazko.<\/p>\n\n\n\n<p class=\"has-medium-font-size\">Ponadto oferujemy:<\/p>\n\n\n\n<ul class=\"_5a_q _5yj1 is-style-checked has-medium-font-size\"><li class=\"_2cuy _509q _2vxa\">miejsce na ognisko lub grilla<\/li><li class=\"_2cuy _509q _2vxa\">miejsca parkingowe<\/li><li class=\"_2cuy _509q _2vxa\">basen, trampolina, st\u00f3\u0142 do ping ponga<\/li><li>plac zabaw dla dzieci, hu\u015btawka, piaskownica<\/li><li>le\u017caki, hamaki, fotelik do karmienia dziecka i \u0142\u00f3\u017ceczko<\/li><li>rowery<\/li><\/ul>\n\n\n\n<p class=\"has-medium-font-size\">Zapraszamy!<\/p>\n<\/div>\n<\/div>\n<\/div><\/div>\n<\/div><\/div>\n","protected":false},"excerpt":{"rendered":"","protected":false},"author":1,"featured_media":0,"parent":0,"menu_order":1,"comment_status":"closed","ping_status":"closed","template":"","meta":{"_editorskit_title_hidden":false,"_editorskit_reading_time":1},"_links":{"self":[{"href":"http:\/\/topolcza.pl\/index.php\/wp-json\/wp\/v2\/pages\/22"}],"collection":[{"href":"http:\/\/topolcza.pl\/index.php\/wp-json\/wp\/v2\/pages"}],"about":[{"href":"http:\/\/topolcza.pl\/index.php\/wp-json\/wp\/v2\/types\/page"}],"author":[{"embeddable":true,"href":"http:\/\/topolcza.pl\/index.php\/wp-json\/wp\/v2\/users\/1"}],"replies":[{"embeddable":true,"href":"http:\/\/topolcza.pl\/index.php\/wp-json\/wp\/v2\/comments?post=22"}],"version-history":[{"count":17,"href":"http:\/\/topolcza.pl\/index.php\/wp-json\/wp\/v2\/pages\/22\/revisions"}],"predecessor-version":[{"id":529,"href":"http:\/\/topolcza.pl\/index.php\/wp-json\/wp\/v2\/pages\/22\/revisions\/529"}],"wp:attachment":[{"href":"http:\/\/topolcza.pl\/index.php\/wp-json\/wp\/v2\/media?parent=22"}],"curies":[{"name":"wp","href":"https:\/\/api.w.org\/{rel}","templated":true}]}}